se 12, what is -1202800 + 28?
-1202794
In base 11, what is 109101 - 9?
1090a3
In base 10, what is 1692734 - -10?
1692744
In base 12, what is 41620b + 2a?
416239
In base 9, what is 4 + 3337444?
3337448
In base 12, what is -3 + -2a4694?
-2a4697
In base 7, what is -235133 + 565?
-234235
In base 11, what is -808a07 + -11?
-808a18
In base 8, what is -777745110 + -3?
-777745113
In base 4, what is -110 - -211323233?
211323123
In base 10, what is 4 - -7680255?
7680259
In base 13, what is -33cc + -a9cb?
-110ca
In base 8, what is -2772273 - -45?
-2772226
In base 10, what is -8 - 160704?
-160712
In base 8, what is -1 + -33152766?
-33152767
In base 4, what is 323 - -333213222?
333220211
In base 15, what is -3344 + -9a3?
-3ce7
In base 2, what is 100001110101 - 1111000101000?
-1010110110011
In base 10, what is -11978 - -104?
-11874
In base 10, what is 10162926 - 2?
10162924
In base 8, what is -14541742 + 54?
-14541666
In base 14, what is 47c10 + 3c7?
481d7
In base 13, what is -1b81b - 1c2?
-1ba10
In base 14, what is -333 - -42b6?
3d83
In base 9, what is 52702 - 32420?
20272
In base 3, what is -100202201 - 111011?
-101020212
In base 11, what is 1934060 + 14?
1934074
In base 3, what is 2012000 - -2221002?
12010002
In base 15, what is 7034c6 + 3?
7034c9
In base 7, what is 165 - -555116?
555314
In base 6, what is -42420 - -351042?
304222
In base 12, what is -45a4a - 10b?
-45b59
In base 15, what is -2e - e727?
-e756
In base 9, what is 63 + 18337333?
18337406
In base 6, what is -5 + -502004240?
-502004245
In base 8, what is -4667722 - 51?
-4667773
In base 9, what is -60778044 + 32?
-60778012
In base 12, what is -318 + 257974?
257658
In base 11, what is 1a42a + 603?
1aa32
In base 8, what is -150 + -115270?
-115440
In base 13, what is -2c - -ca90c?
ca8b0
In base 14, what is 19013 + -a7?
18d4a
In base 13, what is 1 + -18b049?
-18b048
In base 7, what is 334332 + 435?
335100
In base 13, what is 3cb67 - 46?
3cb21
In base 14, what is 110793a - 1a?
1107920
In base 7, what is -5263 - -131001?
122405
In base 8, what is -45 - -2050106?
2050041
In base 3, what is -2212012100112011 - 1?
-2212012100112012
In base 11, what is 1262 + -3202?
-1a50
In base 7, what is 5 - -32532043?
32532051
In base 12, what is 1409 - 19014a?
-18a941
In base 2, what is -1110111101000101000100011111 - -10?
-1110111101000101000100011101
In base 3, what is 1000001111010 - -2201?
1000001120211
In base 13, what is -1896b6 - -119?
-18959a
In base 7, what is 4 - 335033244?
-335033240
In base 2, what is 1101111000 - -1110101111100111000?
1110110001010110000
In base 13, what is 6c - -8257?
82c6
In base 12, what is -64aa62 - 2b?
-64aa91
In base 14, what is 1 + -711d73?
-711d72
In base 12, what is -1a0b8 + 306?
-199b2
In base 9, what is -100403011 + -2?
-100403013
In base 16, what is -3 + -c289d8?
-c289db
In base 12, what is 142886616 + 3?
142886619
In base 5, what is 2344221 + -32?
2344134
In base 6, what is 135444 + -204033?
-24145
In base 16, what is 3c3cd - -af?
3c47c
In base 5, what is 102413140423 - 11?
102413140412
In base 12, what is 2 - -109b5230?
109b5232
In base 13, what is -38771c - -14?
-387708
In base 14, what is 9c9 + 22b2d?
23718
In base 4, what is 223 + -110011212?
-110010323
In base 7, what is 21 + 103406124?
103406145
In base 15, what is -3 + bb23042?
bb2303e
In base 6, what is 405424255 + -15?
405424240
In base 13, what is -913 - 3cc?
-1012
In base 10, what is -1379044 - -44?
-1379000
In base 8, what is 37 - -5265?
5324
In base 16, what is -41c58 + -25a?
-41eb2
In base 6, what is 1 + -240211414?
-240211413
In base 5, what is 22214334020 + -10?
22214334010
In base 3, what is -110200212010 - -101101?
-110200110202
In base 9, what is 6513363 + -1?
6513362
In base 13, what is a + -1c668?
-1c65b
In base 9, what is -2 - 843550424?
-843550426
In base 10, what is 10338 + 8321?
18659
In base 8, what is 240775 - 602?
240173
In base 15, what is 41dc66c - 0?
41dc66c
In base 3, what is 1000211210 + 10021020?
1011010000
In base 8, what is 122 + 44033403?
44033525
In base 6, what is -234 + 11330?
11052
In base 15, what is -8787 + c41?
-7a46
In base 8, what is 5634311 - 31?
5634260
In base 16, what is -1d54c8ed + 5?
-1d54c8e8
In base 16, what is -253f0757 + -2?
-253f0759
In base 15, what is -344580 - -a?
-344575
In base 8, what is -2 + -36470323?
-36470325
In base 16, what is 5 + 1f6ebb?
1f6ec0
In base 9, what is -428076 - -827?
-427148
In base 3, what is 102 + 1120012111200?
1120012112002
In base 12, what is 89 + -182?
-b5
In base 11, what is 27969 - -58?
27a16
In base 8, what is 2 + -21600076?
-21600074
In base 4, what is 302211111330 - 102?
302211111222
In base 3, what is -112222210021 - -1211012?
-112220222002
In base 5, what is -122113000012 - 4?
-122113000021
In base 12, what is 17 - 1b4656?
-1b463b
In base 11, what is -211a4419 - -2?
-211a4417
In base 8, what is 15137240 - 1?
15137237
In base 7, what is -4055465216 + -1?
-4055465220
In base 8, what is 5401007 - 32?
5400755
In base 3, what is 22 + 1010211100220020?
1010211100220112
In base 16, what is 1e5f40e + 4?
1e5f412
In base 5, what is 320402 - 234?
320113
In base 6, what is -3130501 - -1432?
-3125025
In base 3, what is 2010121200012001120 - -2?
2010121200012001122
In base 13, what is -a5 + 111c1?
11119
In base 5, what is 204211302 - -21?
204211323
In base 3, what is -11002 + 102021220100?
102021202021
In base 10, what is -1500 - -93904?
92404
In base 13, what is 3bc13 + 6b?
3bc81
In base 15, what is 8b8e71 + 38?
8b8ea9
In base 14, what is -a - -27669cd?
27669c3
In base 12, what is 321a - -598?
37b6
In base 7, what is 1363115 - 0?
1363115
In base 7, what is -12123 - 116330?
-131453
In base 8, what is 1102 - -153714?
155016
In base 2, what is 110000111111 - -10110100000110?
11100101000101
In base 14, what is -4 - 52d6b11?
-52d6b15
In base 10, what is 7362 - -6142?
13504
In base 14, what is 2 + 191b893?
191b895
In base 10, what is -163900 - -43?
-163857
In base 3, what is 11002 + -2211002000220?
-2211001212211
In base 9, what is 210721 + 87?
210818
In base 7, what is 0 + -3333305?
-3333305
In base 11, what is -3a - -a1695?
a1656
In base 3, what is -12 - -1021012001100120?
1021012001100101
In base 9, what is 3 - -3452230?
3452233
In base 13, what is a32c7 - c2?
a3205
In base 3, what is 201022 - 1121222220?
-1121021121
In base 3, what is -1010010 + 210211002122?
210202222112
In base 5, what is -1034 + -40132001?
-40133040
In base 10, what is 1 - 74351776?
-74351775
In base 14, what is 4943 - 1100?
3843
In base 13, what is -7 + -2c4898?
-2c48a2
In base 5, what is 234 + 11030140?
11030424
In base 6, what is 350050 - -3?
350053
In base 16, what is -39a0 - -d4a?
-2c56
In base 9, what is -667 - 171122?
-171800
In base 11, what is -231727 - 6?
-231732
In base 16, what is -5 + 1ed8ce9?
1ed8ce4
In base 4, what is 1 - -322130112300?
322130112301
In base 2, what is -11010001111111000010010100 + -10?
-11010001111111000010010110
In base 15, what is 15861 + -58?
15808
In base 9, what is -12 + 14218846?
14218834
In base 14, what is 3 + 1467d1a1?
1467d1a4
In base 5, what is -1313143203012 - 3?
-1313143203020
In base 5, what is 100443441 + -14?
100443422
In base 10, what is -183746 + 2172?
-181574
In base 8, what is 1 + 10540304?
10540305
In base 16, what is -1d47 + bd1?
-1176
In base 2, what is -10011110 - -100010111100001111010?
100010111011111011100
In base 3, what is -11 + -10121221210122100?
-10121221210122111
In base 2, what is 1100001011 - -11000100011010?
11010000100101
In base 12, what is ab8b + 106?
b095
In base 12, what is 55 + -244335?
-2442a0
In base 8, what is -141 + -3304040?
-3304201
In base 14, what is -8b15 + -184?
-8c99
In base 15, what is 0 + 8ecb30?
8ecb30
In base 12, what is -7a + 88bb?
8841
In base 13, what is 59053c1 + 1?
59053c2
In base 10, what is -8 + 5407594?
5407586
In base 16, what is 0 - 378afdc?
-378afdc
In base 11, what is -17354028 + 1?
-17354027
In base 11, what is -129a5492 - -3?
-129a548a
In base 11, what is 5356896 - -19?
5356904
In base 16, what is -7785 + 294?
-74f1
In base 4, what is 33322 - 1021103?
-321121
In base 10, what is 13175 + -358?
12817
In base 9, what is 0 - 2341676?
-2341676
In base 13, what is 0 + -4007c6b?
-4007c6b
In base 13, what is 761 + -812c4?
-80863
In base 10, what is 386066 + 4?
386070
In base 8,